ppose q = -4*x + 5 + 3. Suppose -2*r = -4*d - 50, 4*r - 56 = -d - x*d. Calculate the remainder when r is divided by 6.
5
Suppose 69 = 3*p + 5*m - 4, 0 = 5*m - 10. What is the remainder when p is divided by 6?
3
Let u = 12 + 43. Calculate the remainder when u is divided by 28.
27
Suppose 5*c + 2 - 112 = 0. Calculate the remainder when 43 is divided by c.
21
Let v(f) = -f**2 + 7*f - 5. Let c be (1 + -1)/(-2 - -1). Suppose 3*q + 2 = -2*a - 0*q, c = -3*a + 5*q + 35. Calculate the remainder when 8 is divided by v(a).
3
Let w(s) = -7*s + 22. Let u(b) = -13*b + 45. Let y(a) = 6*u(a) - 11*w(a). Suppose 4*x = 5*x. Calculate the remainder when y(x) is divided by 15.
13
Suppose -o - 5*u + 2*u + 9 = 0, 0 = -4*o + u + 49. Calculate the remainder when o is divided by 5.
2
Let y = 24 - -12. Calculate the remainder when y is divided by 10.
6
Let t be 8/6*6/4. Suppose -t*x - x = -33. Suppose -2*y - 15 - 61 = -4*k, k - 13 = 2*y. What is the remainder when k is divided by x?
10
Let z = 10 + -6. Let y(g) = -g**3 - 7*g**2 + 2. Let x be y(-7). Suppose 10 = o + x*m - z*m, 3*o = 2*m + 18. What is the remainder when o is divided by 3?
1
Calculate the remainder when 57 is divided by (21 + -25)*(-42)/8.
15
Let l(f) = 3*f**2 + 2*f + 2. What is the remainder when 47 is divided by l(-2)?
7
Let d be (-1)/3 - 680/12. Let s = -5 - -18. Calculate the remainder when (d/12)/((-3)/24) is divided by s.
12
Let h(y) = y**3 + 19*y**2 + y + 12. Let b be h(-19). Let j be (82 + 0)*(-2)/(-4). Let o = b + j. Calculate the remainder when o is divided by 12.
10
Let l(k) = k**2 + 12*k + 15. Let r be l(-11). Suppose 23 = 3*n + r*g, 19 = 2*n - g - 0*g. Let u = 37 + -13. What is the remainder when u is divided by n?
6
Let c(b) = 7*b**2 + 2*b + 3. Calculate the remainder when 23 is divided by c(-1).
7
Let n = -52 - -57. What is the remainder when 84 is divided by n?
4
Let x(s) = s**3 + 14*s**2 - 14*s + 22. Calculate the remainder when 12 is divided by x(-15).
5
Suppose 0 = 2*n + 12 - 4, 3*t + 4*n = 29. Calculate the remainder when 72 is divided by t.
12
Let d = -2 - 1. What is the remainder when 40 is divided by (17 - (d - -3)) + -3?
12
Let c = -12 - -23. What is the remainder when c is divided by 3?
2
Let g = -10 + 19. Let w = -25 + 29. Suppose 3 = -s + 5*x + w, -2*s - 4*x = -72. What is the remainder when s is divided by g?
8
Let r = 0 - -11. Suppose -2*x = -0*x - 2*b - 50, -5*b = 25. Calculate the remainder when x is divided by r.
9
Suppose 0 = -3*w + 5*b - 11 + 37, 2*w + 4 = -2*b. Suppose 4*y = -5*i + 69, 3*i - w*y - 42 = i. Calculate the remainder when 48 is divided by i.
14
Suppose -12 = -3*d + 9. Let j = 19 - d. What is the remainder when 23 is divided by j?
11
What is the remainder when 58 is divided by 0/3 - (12/(-3) - 6)?
8
Let q = -37 - -49. What is the remainder when 47 is divided by q?
11
Let v(l) = -34*l**2 + l - 7. Let s(t) = -11*t**2 - 2. Let m(w) = -7*s(w) + 2*v(w). Calculate the remainder when 41 is divided by m(1).
8
Let d(u) = -u**3 - 6*u**2 - 4*u + 2. Let t be d(-5). Calculate the remainder when 5 is divided by 4 + (t - (-2 + -1)).
1
What is the remainder when 86 is divided by ((-75)/6)/5*132/(-15)?
20
Calculate the remainder when (-4 + 132/16)/(1/4) is divided by 6.
5
Let s(b) = 5*b**3 + b**2. Let a be s(1). Suppose 172 = -2*h + a*h. Calculate the remainder when h is divided by 11.
10
Let y = 34 - 19. Let p(l) = -4*l**3 + 3*l + 2. Calculate the remainder when p(-2) is divided by y.
13
Let x(l) = l**2 + 8*l + 2. Let a be x(-8). Calculate the remainder when 3 is divided by -4*(a/(-4) + 0).
1
Let z(b) = 3*b - 22. Let a(c) = c + 1. Let r(m) = -2*m + 8. Let q(n) = 3*a(n) + r(n). What is the remainder when z(9) is divided by q(-8)?
2
Let g = -2 - -97. What is the remainder when g is divided by 32?
31
Let s = -23 - -35. Let l(z) = 10*z + 5. Let b(v) = -9*v - 4. Let i(n) = 4*b(n) + 3*l(n). What is the remainder when i(-4) is divided by s?
11
Suppose 18*z + 6 = 15*z. What is the remainder when (92/5)/(z/(-5)) is divided by 12?
10
Let g(a) = a**3 - 2*a**2 - 2*a - 2. Let l be g(3). Suppose 2*o + 0*o - 10 = 0. Let i = o + l. What is the remainder when i is divided by 4?
2
What is the remainder when 153 is divided by 1*2/(-8)*-124?
29
Let n = -78 - -111. What is the remainder when n is divided by 12?
9
Let i(p) be the second derivative of p**5/20 - p**4/3 + p**3/3 - 2*p. Let h be i(3). What is the remainder when -3 + 102/(-9)*h is divided by 11?
9
Let s(z) = z**2 + 2*z - 5. Let h be s(-5). Let t = h - -12. What is the remainder when 43 is divided by t?
21
Let w(j) = -4*j + 1. Let u be 0 + (0 - (-2 + 4)). What is the remainder when 14 is divided by w(u)?
5
Suppose 2*d - 48 = 22. Calculate the remainder when d is divided by 12.
11
Calculate the remainder when 7 is divided by 3*-2*((-70)/(-12))/(-7).
2
Let k(q) = -q**2 - 8*q - 3. Let i be k(-8). Calculate the remainder when (-2)/6 - 52/i is divided by 6.
5
Let a be -3*(-3 + 0) - -1. Suppose -a = k - 3*k. Calculate the remainder when 7 is divided by k.
2
Suppose 2*f - 3 = 1. Suppose 54 = 4*t - 2*x, 0*t + 40 = 3*t - f*x. Calculate the remainder when 164/6*(-30)/(-20) is divided by t.
13
Let t = -17 + 20. Suppose -4*v + 9*v - 88 = -t*u, 5*v - 4*u = 116. Calculate the remainder when 57 is divided by v.
17
Calculate the remainder when (-16)/56 + 270/14 is divided by 5.
4
Let l(r) = -r**2 + 4*r + 73. Calculate the remainder when 38 is divided by l(-6).
12
Suppose -84 = -2*q - 26. What is the remainder when q is divided by 6?
5
Let m(g) = -87*g**3 - g**2 + g + 1. What is the remainder when m(-1) is divided by 22?
20
Let n(s) = -s**2 - 10*s - 9. Let l = 11 - 10. Let k = 8 - l. What is the remainder when n(-7) is divided by k?
5
Calculate the remainder when (-1476)/(-30) - (-2 + (-22)/(-10)) is divided by 27.
22
Let o = -1 + 24. Calculate the remainder when 66 is divided by o.
20
Suppose 5*r = x + 13, 4 = 2*r - x - 0. Suppose r*k - 2*k = 31. Calculate the remainder when 1 + (-1)/(-1)*k is divided by 11.
10
Suppose 0 = 23*v - 287 - 35. What is the remainder when 55 is divided by v?
13
Let q = 65 + -243. Let c = -96 - q. What is the remainder when c is divided by 21?
19
Calculate the remainder when (1 - 15/10)*-94 is divided by 7.
5
Let l(c) = -10 - 8*c + 10*c + 4*c. Calculate the remainder when 38 is divided by l(5).
18
Let d(h) = -7*h - 6. Calculate the remainder when d(-4) is divided by 13.
9
Let j = -15 - -26. Let i(o) = 2*o**3 - 3*o**2 + 2. Calculate the remainder when j is divided by i(2).
5
Let s = 67 - 52. What is the remainder when 27 is divided by s?
12
Suppose 2*q + 3*g = -4, -5*g = 3*q + 2 + 2. Let k be ((-6)/q)/((-1)/(-28)). Suppose -2*y = y - k. What is the remainder when 12 is divided by y?
5
Let s = 3 - 37. Let q = -20 - s. What is the remainder when ((-80)/6)/((-1)/3) is divided by q?
12
Let w(t) = -2*t + t + t - 1 - 3*t. Let n = 7 + -11. Calculate the remainder when 31 is divided by w(n).
9
Suppose -2*i + 1 = -67. Let b(q) = q**3 + q**2 - 3*q + 2. Let o be b(-3). Calculate the remainder when i is divided by 12/o*(-21)/2.
16
Suppose q + q = o - 33, 0 = 5*o - 5*q - 145. What is the remainder when 98 is divided by o?
23
Let a(t) = -t - 8. Let s = 0 - -20. Suppose -l - 6 = -4*l, 2*j - s = l. Calculate the remainder when j is divided by a(-14).
5
Let b = 2 - -11. Calculate the remainder when 49 is divided by b.
10
Let m = -38 + 62. Suppose -7 = -4*d + 5. Suppose -6 + m = d*b. Calculate the remainder when 10 is divided by b.
4
Let b(t) = 6*t**2 - 2*t + 2. Let g be b(2). Calculate the remainder when 37 is divided by g/2 - 4/4.
7
Let r = -110 + 182. Let t = -45 + r. What is the remainder when t is divided by 7?
6
Let t = -1 - -1. Suppose t*n - 97 = -4*p + n, p = -n + 23. Suppose -5*c + 2*c + p = 0. Calculate the remainder when c is divided by 3.
2
Suppose 5*y + 93 - 268 = 0. Calculate the remainder when y is divided by 9.
8
Let f = -35 - -40. Calculate the remainder when f is divided by 3.
2
Let u(z) = 3*z - 14. Calculate the remainder when 35 is divided by u(6).
3
Suppose -n = 4*m - 104, 2*m - 2*n = -3*m + 130. What is the remainder when m is divided by 14?
12
What is the remainder when 61 is divided by 3 - ((-145)/1)/5?
29
Let j = -3 + 2. Suppose 0 = -5*m + 40 + 60. Let l = m + j. Calculate the remainder when l is divided by 10.
9
Le